, 5635187
List the prime factors of 82294294.
2, 3229, 12743
List the prime factors of 1546963.
11, 67, 2099
List the prime factors of 180014826.
2, 3, 191, 157081
What are the prime factors of 54538821?
3, 29, 208961
What are the prime factors of 2480859914?
2, 13, 523, 182443
What are the prime factors of 84413659?
11, 7673969
What are the prime factors of 7333188?
2, 3, 17, 103, 349
What are the prime factors of 305898344?
2, 23, 1662491
List the prime factors of 149384964.
2, 3, 503, 24749
What are the prime factors of 48782422?
2, 13, 1876247
List the prime factors of 871336445.
5, 7, 17, 86143
List the prime factors of 5379817900.
2, 5, 1873, 28723
List the prime factors of 142461620.
2, 5, 7, 19, 1093
What are the prime factors of 581788555?
5, 37, 71, 44293
What are the prime factors of 465845107?
7, 13, 104473
What are the prime factors of 630892622?
2, 23, 29, 61, 7753
List the prime factors of 4017003289.
13, 653, 473201
What are the prime factors of 16294393?
37, 440389
What are the prime factors of 176903059?
176903059
List the prime factors of 111752479.
251, 445229
What are the prime factors of 298560832?
2, 19, 245527
What are the prime factors of 542060320?
2, 5, 23, 147299
List the prime factors of 84811409.
5039, 16831
List the prime factors of 3450380710.
2, 5, 7, 49291153
What are the prime factors of 378120366?
2, 3, 13, 101, 5333
What are the prime factors of 591041212?
2, 23, 6424361
List the prime factors of 349816031.
9011, 38821
List the prime factors of 2844672934.
2, 17, 193, 433507
What are the prime factors of 715610881?
2591, 276191
List the prime factors of 810191677.
810191677
What are the prime factors of 21897742?
2, 181, 241, 251
List the prime factors of 60311377.
7, 19, 113, 4013
What are the prime factors of 2894860901?
53, 59, 569, 1627
List the prime factors of 1392472084.
2, 348118021
List the prime factors of 971468159.
73, 3637, 3659
What are the prime factors of 1166849821?
1166849821
What are the prime factors of 15597552?
2, 3, 324949
List the prime factors of 7892477205.
3, 5, 17, 30950891
What are the prime factors of 9234679?
9234679
What are the prime factors of 118196473?
19, 233, 26699
List the prime factors of 674103011.
211, 3194801
List the prime factors of 188177514.
2, 3, 7, 613, 7309
What are the prime factors of 9603189041?
17, 564893473
What are the prime factors of 232259761?
232259761
What are the prime factors of 45773797?
67, 271, 2521
What are the prime factors of 692564599?
47, 367, 40151
What are the prime factors of 315408907?
11, 331, 86627
What are the prime factors of 35903759?
23, 67, 1013
List the prime factors of 679252711.
967, 702433
What are the prime factors of 4013987912?
2, 11, 17, 2683147
List the prime factors of 804898448.
2, 191, 263383
What are the prime factors of 121770836?
2, 11, 179, 15461
List the prime factors of 199378103.
29, 53, 129719
List the prime factors of 508831046.
2, 17, 449, 33331
List the prime factors of 6000712.
2, 827, 907
What are the prime factors of 1518476149?
1518476149
What are the prime factors of 38865363?
3, 12955121
What are the prime factors of 39300823?
1697, 23159
List the prime factors of 188374706.
2, 13, 7245181
What are the prime factors of 680651973?
3, 223, 339139
List the prime factors of 59470919.
59470919
What are the prime factors of 304698371?
304698371
What are the prime factors of 6077366819?
41, 47, 3153797
What are the prime factors of 2318273074?
2, 13, 89164349
List the prime factors of 3582311994.
2, 3, 1039, 21283
What are the prime factors of 18188584?
2, 23, 41, 2411
List the prime factors of 4033981106.
2, 83, 107, 227113
What are the prime factors of 52006571?
37, 1405583
What are the prime factors of 814772321?
11, 74070211
List the prime factors of 94775409.
3, 10530601
What are the prime factors of 25363455?
3, 5, 13, 130069
What are the prime factors of 186904834?
2, 17, 37, 148573
List the prime factors of 337615625.
5, 108037
List the prime factors of 8657598.
2, 3, 71, 20323
List the prime factors of 27583793.
97, 284369
List the prime factors of 111416418.
2, 3, 19, 31, 113
List the prime factors of 1100924408.
2, 79, 1741969
What are the prime factors of 497655822?
2, 3, 1223, 67819
What are the prime factors of 11703244?
2, 7, 31, 97, 139
What are the prime factors of 3744084558?
2, 3, 19, 601, 54647
List the prime factors of 123439105.
5, 19, 1299359
List the prime factors of 7974160850.
2, 5, 8009, 19913
What are the prime factors of 71820971?
17, 41, 103043
List the prime factors of 9019822.
2, 7, 31, 2969
List the prime factors of 528367959.
3, 7, 509, 16477
List the prime factors of 82447633.
191, 431663
What are the prime factors of 481756043?
223, 2160341
List the prime factors of 6994660943.
6994660943
List the prime factors of 1542671743.
1542671743
What are the prime factors of 826606247?
826606247
What are the prime factors of 1863156969?
3, 4643, 44587
What are the prime factors of 783948228?
2, 3, 7, 53, 176089
List the prime factors of 501838267.
7, 401, 178781
List the prime factors of 1303453.
1303453
What are the prime factors of 3605395655?
5, 17903, 40277
List the prime factors of 3127197092.
2, 181, 269, 16057
What are the prime factors of 857030584?
2, 607, 176489
List the prime factors of 257859093.
3, 379, 226789
What are the prime factors of 46871618?
2, 17, 271, 5087
What are the prime factors of 2294885?
5, 458977
List the prime factors of 101280942.
2, 3, 7, 4253
What are the prime factors of 1145739355?
5, 5281, 43391
What are the prime factors of 553893670?
2, 5, 11, 151, 33347
What are the prime factors of 1091557868?
2, 37, 2131, 3461
List the prime factors of 3580960183.
23, 239, 651439
What are the prime factors of 755170503?
3, 251723501
What are the prime factors of 338192218?
2, 7, 13, 179, 1483
List the prime factors of 29427149.
29427149
List the prime factors of 94101402.
2, 3, 15683567
What are the prime factors of 1466397635?
5, 293279527
List the prime factors of 894795.
3, 5, 11, 17, 29
What are the prime factors of 54715711?
37, 109, 13567
List the prime factors of 1253067805.
5, 11, 22783051
List the prime factors of 54210347.
1249, 43403
List the prime factors of 100852551.
3, 17, 19, 34693
What are the prime factors of 27189221?
27189221
List the prime factors of 62658505.
5, 7, 13, 103, 191
What are the prime factors of 1139200016?
2, 71200001
List the prime factors of 21162103.
827, 25589
List the prime factors of 1813590253.
4099, 442447
List the prime factors of 1351498253.
7, 19, 1451663
What are the prime factors of 2274934432?
2, 271, 262331
What are the prime factors of 881635844?
2, 17, 29, 647, 691
What are the prime factors of 67011821?
67011821
What are the prime factors of 7567720262?
2, 433, 8738707
List the prime factors of 338618895.
3, 5, 73, 309241
List the prime factors of 24953371.
73, 341827
List the prime factors of 422030079.
3, 43, 89, 12253
What are the prime factors of 3001379519?
157, 19117067
List the prime factors of 495697394.
2, 3347, 74051
List the prime factors of 1539824915.
5, 241, 1277863
List the prime factors of 202307072.
2, 11, 17, 2113
What are the prime factors of 301616430?
2, 3, 5, 10053881
List the prime factors of 53080412.
2, 7, 11, 23, 59, 127
What are the prime factors of 1509840010?
2, 5, 7, 137, 313, 503
What are the prime factors of 304889156?
2, 11, 13, 433, 1231
List the prime factors of 6354152621.
6354152621
List the prime factors of 608787249.
3, 7, 43, 674183
List the prime factors of 66450277.
19, 827, 4229
What are the prime factors of 2471223027?
3, 7, 13, 1293157
List the prime factors of 88363303.
7, 12623329
List the prime factors of 10328624.
2, 37, 73, 239
What are the prime factors of 4206932168?
2, 193, 2724697
What are the prime factors of 5183753528?
2, 647969191
List the prime factors of 811770878.
2, 23, 2621, 6733
List the prime factors of 754543060.
2, 5, 23, 1640311
List the prime factors of 167613138.
2, 3, 7, 11, 1493
What are the prime factors of 361831063?
11, 461, 71353
What are the prime factors of 514533584?
2, 32158349
What are the prime factors of 125997881?
125997881
List the prime factors of 225659965.
5, 45131993
List the prime factors of 241535321.
59, 6